 441.
12
What is the remainder when 17983115 is divided by 258?
257
What is the remainder when 567 is divided by 5?
2
What is the remainder when 3010 is divided by 968?
106
Calculate the remainder when 16180 is divided by 136.
132
What is the remainder when 24269 is divided by 13?
11
Calculate the remainder when 19568 is divided by 2295.
1208
Calculate the remainder when 3014 is divided by 44.
22
What is the remainder when 16428 is divided by 173?
166
Calculate the remainder when 8190 is divided by 1030.
980
What is the remainder when 1120 is divided by 586?
534
What is the remainder when 4187 is divided by 604?
563
Calculate the remainder when 2619 is divided by 403.
201
What is the remainder when 13397 is divided by 1121?
1066
What is the remainder when 427616 is divided by 34?
32
Calculate the remainder when 547 is divided by 540.
7
What is the remainder when 7792 is divided by 132?
4
Calculate the remainder when 670 is divided by 299.
72
What is the remainder when 91 is divided by 79?
12
What is the remainder when 1968363 is divided by 984177?
9
What is the remainder when 1589526 is divided by 431?
429
What is the remainder when 32047 is divided by 654?
1
Calculate the remainder when 261504 is divided by 1137.
1131
Calculate the remainder when 499798 is divided by 17.
15
What is the remainder when 5298 is divided by 1321?
14
What is the remainder when 473170 is divided by 135?
130
Calculate the remainder when 179344 is divided by 22413.
40
Calculate the remainder when 20861 is divided by 53.
32
Calculate the remainder when 57089 is divided by 55.
54
What is the remainder when 1586 is divided by 103?
41
What is the remainder when 1281 is divided by 22?
5
Calculate the remainder when 46796 is divided by 100.
96
What is the remainder when 10545 is divided by 10011?
534
What is the remainder when 3327 is divided by 791?
163
What is the remainder when 2140 is divided by 521?
56
Calculate the remainder when 3998 is divided by 339.
269
Calculate the remainder when 16318 is divided by 120.
118
What is the remainder when 320037 is divided by 280?
277
What is the remainder when 14252 is divided by 1780?
12
What is the remainder when 4674 is divided by 310?
24
Calculate the remainder when 325725 is divided by 39.
36
What is the remainder when 842491 is divided by 446?
443
Calculate the remainder when 43527 is divided by 47.
5
What is the remainder when 5280 is divided by 79?
66
Calculate the remainder when 50908 is divided by 7.
4
What is the remainder when 22498 is divided by 265?
238
Calculate the remainder when 18073 is divided by 130.
3
What is the remainder when 3828807 is divided by 69?
66
Calculate the remainder when 129806 is divided by 92.
86
Calculate the remainder when 13330 is divided by 309.
43
What is the remainder when 11294 is divided by 389?
13
What is the remainder when 9651787 is divided by 554?
553
Calculate the remainder when 5399 is divided by 1162.
751
Calculate the remainder when 14002 is divided by 3500.
2
What is the remainder when 1013 is divided by 482?
49
Calculate the remainder when 173451 is divided by 5.
1
What is the remainder when 557 is divided by 408?
149
Calculate the remainder when 49332 is divided by 13.
10
Calculate the remainder when 12141 is divided by 46.
43
Calculate the remainder when 105826 is divided by 275.
226
Calculate the remainder when 39440 is divided by 13.
11
What is the remainder when 1451 is divided by 195?
86
What is the remainder when 23838 is divided by 107?
84
What is the remainder when 654 is divided by 287?
80
Calculate the remainder when 35954 is divided by 642.
2
Calculate the remainder when 9677 is divided by 2298.
485
What is the remainder when 1735967 is divided by 11?
2
What is the remainder when 43818 is divided by 151?
28
Calculate the remainder when 38538 is divided by 434.
346
What is the remainder when 219551 is divided by 851?
844
Calculate the remainder when 125961 is divided by 31490.
1
What is the remainder when 678 is divided by 8?
6
Calculate the remainder when 1018 is divided by 27.
19
Calculate the remainder when 3776 is divided by 3664.
112
What is the remainder when 4446 is divided by 147?
36
Calculate the remainder when 13489 is divided by 1041.
997
What is the remainder when 1488 is divided by 48?
0
What is the remainder when 1417 is divided by 671?
75
Calculate the remainder when 16580 is divided by 132.
80
Calculate the remainder when 17302 is divided by 62.
4
Calculate the remainder when 16948 is divided by 150.
148
What is the remainder when 33899 is divided by 23?
20
What is the remainder when 399366 is divided by 87?
36
What is the remainder when 1733 is divided by 1038?
695
What is the remainder when 38454 is divided by 134?
130
What is the remainder when 6072 is divided by 140?
52
What is the remainder when 40999 is divided by 11?
2
What is the remainder when 15261 is divided by 5086?
3
What is the remainder when 377781 is divided by 94?
89
Calculate the remainder when 2380 is divided by 650.
430
What is the remainder when 47179 is divided by 28?
27
Calculate the remainder when 49538 is divided by 49529.
9
What is the remainder when 5133 is divided by 4845?
288
Calculate the remainder when 280295 is divided by 28027.
25
What is the remainder when 33174 is divided by 291?
0
Calculate the remainder when 2439 is divided by 938.
563
What is the remainder when 20939 is divided by 194?
181
What is the remainder when 12729 is divided by 751?
713
What is the remainder when 35918 is divided by 23?
15
Calculate the remainder when 51012 is divided by 202.
108
Calculate the remainder when 46279 is divided by 260.
259
Calculate the remainder when 10253 is divided by 2041.
48
What is the remainder when 5100 is divided by 419?
72
Calculate the remainder when 3752 is divided by 188.
180
What is the remainder when 9369 is divided by 30?
9
What is the remainder when 111296 is divided by 67?
9
What is the remainder when 5372 is divided by 13?
3
What is the remainder when 46173 is divided by 7692?
21
What is the remainder when 499 is divided by 73?
61
What is the remainder when 227389 is divided by 16?
13
What is the remainder when 12400 is divided by 69?
49
What is the remainder when 127386 is divided by 5?
1
What is the remainder when 2098 is divided by 330?
118
Calculate the remainder when 2497 is divided by 588.
145
What is the remainder when 12918 is divided by 331?
9
Calculate the remainder when 5701913 is divided by 122.
121
What is the remainder when 59189 is divided by 19694?
107
What is the remainder when 4271 is divided by 203?
8
Calculate the remainder when 444783 is divided by 11.
9
Calculate the remainder when 1494 is divided by 34.
32
Calculate the remainder when 546 is divided by 282.
264
Calculate the remainder when 518397 is divided by 193.
192
Calculate the remainder when 2361 is divided by 174.
99
What is the remainder when 936306 is divided by 12?
6
Calculate the remainder when 80951 is divided by 366.
65
What is the remainder when 650797 is divided by 92?
81
Calculate the remainder when 2441 is divided by 179.
114
Calculate the remainder when 1234391 is divided by 118.
111
What is the remainder when 575164 is divided by 373?
371
What is the remainder when 13384 is divided by 588?
448
What is the remainder when 63842 is divided by 10640?
2
Calculate the remainder when 14867 is divided by 7330.
207
What is the remainder when 2105519 is divided by 496?
495
What is the remainder when 5292 is divided by 1482?
846
What is the remainder when 567 is divided by 202?
163
Calculate the remainder when 24641 is divided by 297.
287
Calculate the remainder when 27180 is divided by 97.
20
What is the remainder when 40025 is divided by 4446?
11
Calculate the remainder when 35575 is divided by 957.
166
What is the remainder when 6357 is divided by 319?
296
What is the remainder when 5370038 is divided by 9?
8
What is the remainder when 1776188 is divided by 10?
8
What is the remainder when 25882 is divided by 143?
142
What is the remainder when 407197 is divided by 223?
222
Calculate the remainder when 217217 is divided by 539.
0
Calculate the remainder when 6700 is divided by 360.
220
What is the remainder when 7682 is divided by 512?
2
Calculate the remainder when 25